 w = 2975 + -288. What are the prime factors of w?
2687
What are the prime factors of 26/(-221) - (-11)/((-374)/(-24824))?
2, 5, 73
Let w be -218 - ((1 - -1) + -2). Let k = w - -441. Suppose 2*s = 143 + k. What are the prime factors of s?
3, 61
Suppose 2*q = 21*h - 15*h + 15412, 7706 = q + 3*h. List the prime factors of q.
2, 3853
Suppose 13*l - 90*l + 120956 = -508057. What are the prime factors of l?
3, 7, 389
Let l = -77 + 84. Let u = -6 + l. What are the prime factors of -4*u + (140 - 10)?
2, 3, 7
Let k = -2129 + 22752. What are the prime factors of k?
41, 503
Suppose 6*m + 3*x - 17 = 7*m, 5*x - 43 = 3*m. Let h(v) = -v**3 - 10*v**2 + 11*v + 12. What are the prime factors of h(m)?
2, 3
Let o(p) be the third derivative of 7*p**6/60 + p**4/8 - 8*p**3/3 - 4*p**2 - 8. What are the prime factors of o(4)?
2, 223
Suppose -5*j = -2*k + 4528, 5*j + 504 - 11894 = -5*k. Suppose -d - k = -0*c - 4*c, 0 = -3*c - 5*d + 1694. What are the prime factors of c?
2, 71
Let z(f) = 311*f**3 - 5*f**2 - 40*f + 225. What are the prime factors of z(5)?
3, 5, 11, 47
Let d = 4462 + -1961. List the prime factors of d.
41, 61
Suppose 408651 = 31*f - 124859. List the prime factors of f.
2, 5, 1721
Suppose 31*r = -92354 + 34415. Let i = r + 3048. List the prime factors of i.
3, 131
Let d = -7115 - -13208. List the prime factors of d.
3, 677
Suppose o = 2*r + 6357, 0 = -3*r - 100 + 124. What are the prime factors of o?
6373
Let p = -843 + 2847. What are the prime factors of p?
2, 3, 167
Suppose -4*a + o = -101065, 0 = -4*a + 24*o - 17*o + 101023. List the prime factors of a.
2, 6317
Suppose n + 47880 = 3*y, 40*n - 38*n - 79789 = -5*y. List the prime factors of y.
15959
List the prime factors of 4*1/(6/12) - -1351.
3, 151
Let g(l) = 54*l**2 + 21*l - 13. What are the prime factors of g(-6)?
5, 19
Suppose -z = g - 7113, 0 = 374*g - 373*g - 4*z - 7133. List the prime factors of g.
11, 647
Suppose 0 = -20*v - 1827 + 107707. List the prime factors of v.
2, 2647
Let b = -224 - -227. Suppose -3*g + 5243 = h, 5*g + b*h = -2*h + 8745. What are the prime factors of g?
1747
Let f = 2134 + 252. List the prime factors of f.
2, 1193
Suppose -393*s = 70*s - 15192882. What are the prime factors of s?
2, 3, 1823
Let f(b) = -b**3 - 6*b**2 - 14*b. Suppose -5*n - n - 12 = 0. Let u be 6*(-2 + n)/4. List the prime factors of f(u).
2, 3, 7
Suppose 0 = 3*h - 3*w + 119 + 178, -w - 99 = h. Let c = h - -268. Suppose -y = -3*a + 437, -2*a + a + 5*y = -c. List the prime factors of a.
2, 3
List the prime factors of (-45)/105 - (-223055)/245.
2, 5, 7, 13
Let c be -2 - (9/(-1) + 3). Suppose 7 = s + c. Suppose 3*h - 167 - 28 = f, s*h - 195 = -2*f. What are the prime factors of h?
5, 13
Suppose 39*s + 8*s + 1706557 = 114*s. What are the prime factors of s?
25471
List the prime factors of (2573 + -3)*(27 - 23)*(-2)/(-20).
2, 257
Suppose 0 = z + z - 84232 + 23506. What are the prime factors of z?
3, 29, 349
Let i = 892 + -377. What are the prime factors of i?
5, 103
Suppose 2*z + 22 = 5*q, 5*q - 3*z = -11 + 34. Suppose 6*r + 1253 = q*d + r, -r - 313 = -d. What are the prime factors of d?
2, 3, 13
Let c(b) = -79*b + 80*b + 4 - 3. Let m be c(1). Suppose 3*f = 2*i + 224, 0*i - 64 = -f - m*i. List the prime factors of f.
2, 3
What are the prime factors of 50/30*(-84)/(-35) - -14124?
2, 883
Let a(d) = 50*d**2 + 8*d - 86. What are the prime factors of a(-11)?
2, 13, 113
List the prime factors of (-38 + 29)*60252/(-27).
2, 5021
Suppose -11*b = 3*d - 7*b + 2818, 0 = -2*d + 2*b - 1888. Let y = d + 1601. List the prime factors of y.
659
Let i(c) = 862*c**2 + 10*c - 37. Let g be i(4). Suppose 6*y - g = -3985. What are the prime factors of y?
3, 5, 109
Suppose -570 = -2*l + 4*g, -3*l - 22*g + 943 = -17*g. List the prime factors of l.
7, 43
Suppose -5*v = -1 + 1. Suppose v*c - 53 = -3*p + c, 5*p - 95 = 3*c. Suppose -252 = 13*a - p*a. List the prime factors of a.
2, 3, 7
Let y be (1 - -1) + 7 + -5. Suppose y*b - 4916 = -0*b. What are the prime factors of b?
1229
Let p be (27 - 6 - 6)/((-2)/(-58)). What are the prime factors of (p/2)/(32/192)?
3, 5, 29
Let f(t) = 3*t**3 + 18*t**2 - 59*t + 39. Let g(o) = -o**3 - 6*o**2 + 20*o - 13. Let a(m) = -3*f(m) - 8*g(m). What are the prime factors of a(-9)?
7, 11
Let s be (8/(-6))/((-2)/(-6) + -1). Suppose 6 = 2*o + s. List the prime factors of o/(-11) - (-14688)/198.
2, 37
Let x = -490 + 399. Let v = 151 - x. What are the prime factors of v?
2, 11
Let r(w) = 124 - 13*w + 3*w**2 - 5*w**2 - 128. Let m be r(-6). Suppose -m*b - 4*p = -7*b + 412, 0 = -3*p - 9. What are the prime factors of b?
2, 5
Let h(b) = 32*b + 44. Let r(x) = 32*x + 43. Let g(q) = -4*h(q) + 3*r(q). Suppose 0 = v - 10*v - 45. What are the prime factors of g(v)?
113
Let h(x) be the third derivative of -x**5/60 - 13*x**4/24 + 7*x**3/6 + 21*x**2. Let w be h(-12). Suppose 99 = w*v - 16*v. What are the prime factors of v?
3, 11
Let r(q) = 126*q - 13. List the prime factors of r(106).
11, 1213
Let q(m) = -2*m**2 + 42*m. Let s be q(21). Suppose -29*a + 30*a - 22 = s. List the prime factors of a.
2, 11
Let o(t) = -95*t**3 + 11*t**2 - 24*t - 102. List the prime factors of o(-5).
2, 3, 13
Let l(n) = -237*n**3 + 1. Let d be l(1). Let m be 105592/1876*(0 - 7). Let r = d - m. List the prime factors of r.
2, 79
Let a be 15/(-35) + 398/14. Suppose 2*p + a = -24. Let h = p - -61. What are the prime factors of h?
5, 7
Let p(x) = x**3 + 17*x**2 - 18*x. Let m = 103 - 121. Let a be p(m). Let f = 42 + a. List the prime factors of f.
2, 3, 7
Let v(k) be the first derivative of 26*k**3/3 - 9*k**2 - 16*k - 297. What are the prime factors of v(-3)?
2, 17
Suppose 1937*v - 151892 = -4*l + 1942*v, 0 = l - 3*v - 37987. List the prime factors of l.
37963
Suppose 0 = 3*m + 5*y + 26, -m - 2*y + 40 = -4*m. Let z(t) be the first derivative of -11*t**2/2 - 15*t - 90. What are the prime factors of z(m)?
3, 13
Suppose -6*s = 2*s + s. Suppose 3*d + 38 - 149 = s. Suppose -d = -3*y + 8. List the prime factors of y.
3, 5
Suppose -8*c + 14 = 6. Let b(y) = 621*y**3 - 4*y + 4. List the prime factors of b(c).
3, 23
Let j(v) = v**3 + 8*v**2 - 21*v - 3. Let b be j(-10). Let h be (b - 2)/(2 - 1). Suppose 0 = -h*c - 25, -2*w + 296 = -0*c - 4*c. List the prime factors of w.
2, 3, 23
Suppose -16 = -4*j, -5*h - 2*j = -3*h - 14. Let k(w) = -w**2 - 33*w - 48. Let a be k(-12). Suppose -h*z = -0*z - a. What are the prime factors of z?
2, 17
Let w = -2105 - -1448. Let h = 1141 + w. List the prime factors of h.
2, 11
Suppose 43757 = -19*m + 199576. What are the prime factors of m?
59, 139
Let o(a) = 3*a**3 + 13*a**2 + 4*a + 5. Let g be o(-4). Suppose -1 = 2*f + r - 188, 0 = -3*f + g*r + 274. Suppose 2*v - 135 = f. What are the prime factors of v?
2, 3, 19
Let w be (-2)/(-2) + 2 - -1. Let x(m) = -83*m - 75*m + 10*m**2 - 71*m + 12 + m**3 + 220*m. What are the prime factors of x(w)?
2, 5
Let w = 72 - 74. Let m be 159 + -1 + w + -1. Suppose 46*p = 45*p + m. What are the prime factors of p?
5, 31
Let c be 0 + (2 - (0 + 1)). Suppose 24*t = 4*t - 80. What are the prime factors of t - ((-26)/c + -4)?
2, 13
Let s(w) = w**2 + 5*w + 1. Let a be s(-6). Suppose -36 = -163*b + 159*b. Suppose a*z = b*z - 308. What are the prime factors of z?
2, 7, 11
Suppose -117323 = -25*z - 29873. What are the prime factors of z?
2, 3, 11, 53
Let c = 353 + -348. Suppose -3*f + c*n + 3199 = -875, 0 = 2*f + 2*n - 2700. What are the prime factors of f?
3, 11, 41
Let g = 6392 - 4472. What are the prime factors of g?
2, 3, 5
Suppose -869*u = 4*f - 866*u - 21437, 3*f - 16069 = -4*u. List the prime factors of f.
31, 173
Suppose -953 + 16095 = 7*o - 853. What are the prime factors of o?
5, 457
Let f be 1798/(-5) - 6/15. Let m be 3 + 17/(68/f). Let q = m - -189. List the prime factors of q.
2, 3, 17
Let x(p) = 38*p - 36. Suppose 0 = 5*g - 89 + 29. Let k be x(g). Suppose 3*f = -f + k. List the prime factors of f.
3, 5, 7
Let q(d) = 6*d - 57. Let a be q(19). Suppose 4*k - 358 = -5*p, 0*k + 4*k - 5*p = 338. Let m = k - a. List the prime factors of m.
2, 3, 5
Let i = -60 + 51. Let q be ((-246)/(-3))/(-2 + i/(-6)). Let g = -88 - q. What are the prime factors of g?
2, 19
List the prime factors of (2/(-3))/(-4*(-1 + 416375/416370)).
13879
Let d(x) = x**2 + 2. Let q be d(-2). Suppose 3*f + z - q*z + 34 = 0, 31 = -2*f +